9). Suppose -13 = -f + 5*c + 7, 4*f - 3*c = z. List the prime factors of f.
5
Let a(d) = 5*d**2 - 4*d + 7. List the prime factors of a(-7).
2, 5, 7
Let x(b) = -b**3 - 3*b**2 - 5*b - 3. List the prime factors of x(-3).
2, 3
Let v = -8 - 2. Let c be ((-1)/3)/((-11)/(-66)). Let b = c - v. What are the prime factors of b?
2
Let u = -14 - -23. Let m = u + -9. List the prime factors of -3*(-8 - -3) + m.
3, 5
Let p(o) = -5*o + 3. Let k be p(-7). Suppose k = -5*d + 158. List the prime factors of d.
2, 3
Let g(v) = v - 2. Let r be g(5). Let c = -1 + r. List the prime factors of c.
2
Let v(b) be the second derivative of -b**5/20 - 5*b**4/12 - b**3 - 5*b**2/2 + 2*b. List the prime factors of v(-4).
3
Let q(c) = -2*c - 8. Let h be q(-6). Suppose h*d = -g - 0 + 37, 4*d - 4*g - 12 = 0. List the prime factors of d.
2
Let z(r) = 4*r + 81. List the prime factors of z(0).
3
What are the prime factors of 20/15 + 71/3?
5
Let y(z) = 17*z + 1. What are the prime factors of y(12)?
5, 41
Suppose -4*i = -3*i + 2. Let o(a) = -3*a**2 - 2*a + 2. Let f be o(i). What are the prime factors of (-68)/f + 5/(-15)?
11
Suppose 0 = -3*v + b - 24, -5*b - 9 = -2*b. Let d = -5 - v. Suppose d*a - 39 = -3*m, 0*m + m - 5*a + 6 = 0. What are the prime factors of m?
3
Let w(d) be the second derivative of -d**3/3 + d**2 - d. Let c be w(-4). Let o = -4 + c. What are the prime factors of o?
2, 3
Suppose 0 = -0*i - 5*i + 25. Suppose b + 3*b - i*w = 154, 4*b - 160 = 2*w. What are the prime factors of b?
41
Suppose 0 = -w + 2*w - 4. Suppose -5*g = 2*k - 13, 6*g + 6 = 2*k + w*g. List the prime factors of k.
2
Suppose -2*k + 5*k = -15. Suppose -9 = 3*q, -316 = 5*d - 2*q - 1612. List the prime factors of d/30 - 2/k.
3
Let i = -8 + 3. Let q(x) = -2*x + 6. What are the prime factors of q(i)?
2
Let j(i) = 7*i**2 - 109*i + 35*i**2 + 110*i. List the prime factors of j(1).
43
Suppose 3*n = 2*y + 65, -2*y - 110 = -4*n - 4*y. Suppose 3*f + 6 - 181 = -5*i, 0 = 5*f + 5*i - 305. What are the prime factors of f/n - 4/(-10)?
3
Let v be 1/((2/(-7))/2). Let f be 6 + (2 - v)/(-3). Suppose -f*j + 37 = -17. List the prime factors of j.
2, 3
Let h = -30 - -64. What are the prime factors of h?
2, 17
Let t = 152 - 104. List the prime factors of t.
2, 3
Let b be 4/8*8*1. Suppose -20 = b*h, 3*t - 3*h - 48 = -0*h. List the prime factors of t.
11
Suppose 97 = -12*x + 13*x. List the prime factors of x.
97
Let w be 1 + (-2 - 33/1). Let k = 52 + w. Let x = 26 - k. What are the prime factors of x?
2
Let g(m) = m**3 - 6*m**2 + 3*m - 4. Suppose j = -3*j + 24. Let w be g(j). Suppose -4*o = 3*u - w, -u + 7 = u + 5*o. What are the prime factors of u?
2, 3
Let h = 5 + 4. Suppose -3 - h = -4*b. What are the prime factors of b?
3
Let k = -126 + 182. Suppose -k = -4*f + 116. What are the prime factors of f?
43
Suppose 2*a - 53 - 23 = 0. List the prime factors of a.
2, 19
Let m(y) = y**3 - 8*y**2 - 8*y - 11. Let t be m(9). Suppose -27 + 5 = -2*n - 4*w, 3*n - w - 26 = 0. What are the prime factors of (t - (-33)/n)*3?
5
Let x(w) = -22*w + 57 - 56 - 13*w. What are the prime factors of x(-1)?
2, 3
Let p(m) = 50*m**3 - 4*m**2 - m + 2. What are the prime factors of p(1)?
47
Let t = 8 - 12. Let j = t - -15. What are the prime factors of j?
11
Let l = -193 + 286. List the prime factors of l.
3, 31
Suppose 0 + 4 = 2*g. Suppose 0 = -3*f + g + 28. Let h = -1 + f. List the prime factors of h.
3
Let j = 16 + -9. Let y(i) = 2*i + 1. What are the prime factors of y(j)?
3, 5
Let c(w) = -1. Let h(o) = -o**2 + 8*o + 1. Let m(j) = -2*c(j) - h(j). What are the prime factors of m(11)?
2, 17
Let m(j) = -j + 2. Let g(w) = -w - 1. Let x be g(-1). Let q be m(x). Let k = q + 4. What are the prime factors of k?
2, 3
Let g(y) = 12*y - 20. What are the prime factors of g(11)?
2, 7
List the prime factors of 0 - -2*(-140)/(-8).
5, 7
Let o be 2/5 + (-21)/15. Let m = -9 + o. Let k = 14 + m. What are the prime factors of k?
2
Let d be 6*4*-1 + 1. Let b = d + 39. Suppose b = l + 3*l. List the prime factors of l.
2
Let r be 54/10 + (-12)/30. Suppose -224 = -5*g + 3*n, -r*g - n + 319 - 107 = 0. What are the prime factors of g?
43
Suppose -5*j + 651 + 414 = 0. List the prime factors of j.
3, 71
Let c be 2/(-4) + 36/8. Suppose c*a = -a + 70. List the prime factors of a.
2, 7
Let r = -5 + 5. List the prime factors of (-4 - r)/(2/(-7)).
2, 7
Suppose 15 - 1 = c. Suppose -44 = -n - c. Suppose -n = -4*i + 5*t, -5*t + 4 = -3*t. List the prime factors of i.
2, 5
Suppose -m + 3 = 2*m. Suppose a = 4*t - 2, -3 = -4*t + m. Suppose -2 = -a*d + 2. What are the prime factors of d?
2
Let i(b) = 2 - b**2 + 24*b - 13*b + 3. List the prime factors of i(9).
23
Suppose -4*g + 5*z + 390 = 0, 2*g + 3*g + 3*z = 506. Let l = g - 70. Suppose -3*j + l = 3. What are the prime factors of j?
3
List the prime factors of ((-60)/(-50))/(2/125).
3, 5
Let w be 42 - (1 + 1 + 0). Let k = w - 57. Let f = -11 - k. List the prime factors of f.
2, 3
List the prime factors of (-10)/(((-7)/3)/7).
2, 3, 5
Let s(i) = -i**3 - 6*i**2 + 6. Let m(x) = 2*x - 4*x**3 - 4*x**2 + 2 + 0 + 3*x**3. Let n be m(-4). What are the prime factors of s(n)?
2, 3
Let y be ((-143)/52)/((-1)/8). What are the prime factors of y - (-1 - -3 - -1)?
19
Let q(u) = u**3 + 6*u**2 + u + 6. Let p be q(-6). Suppose 0 = x - 3 - p. List the prime factors of x.
3
Let k = -11 - -9. Let d = 0 - k. List the prime factors of d.
2
Suppose -3*b - 5*r + 55 = 0, -4*b + 3*r + 2*r + 50 = 0. List the prime factors of b.
3, 5
Suppose 5*g - 7 = -4*f, -4*f + 4*g - 8*g + 8 = 0. Suppose -3*v = 2*c - 115, -6*c + 226 = -2*c + 2*v. Suppose 5 = -f*o + c. List the prime factors of o.
17
Let z(o) be the second derivative of o**5/20 - o**4/12 - o**3/6 + 7*o**2 - 16*o. Suppose 0 = -2*n - 0*n. List the prime factors of z(n).
2, 7
Let y = 16 - 50. Let a = y + 49. List the prime factors of a.
3, 5
Let p(g) = 4*g**2 - 7*g + 4. What are the prime factors of p(4)?
2, 5
List the prime factors of (-1)/(1/2) - -29.
3
Let b = -3 - -3. Suppose -r = -2*w - 13, b = -2*w - r - 34 + 11. Let x(u) = -u**3 - 9*u**2 + u + 12. List the prime factors of x(w).
3
Let w be (-5)/15 + 109/3. Let y = -14 - 11. Let r = w + y. What are the prime factors of r?
11
Let u(k) = -8*k + 4. List the prime factors of u(-4).
2, 3
What are the prime factors of (260/(-91))/((-3)/42)?
2, 5
Suppose -5*q = -5 - 5. Suppose 4*t - 63 = -3*j, 3*j - q = 1. What are the prime factors of t?
3, 5
Let x(p) = p**2. Let i be x(0). Suppose c + 0*c - 30 = i. What are the prime factors of c?
2, 3, 5
Suppose -9*d + 610 = -4*d. Suppose 4*p - d = -26. What are the prime factors of p?
2, 3
Let p(s) = 21*s**2 + s - 2. Let d be p(2). Suppose 6 - d = -3*m. What are the prime factors of m?
2, 13
Let t be (-5)/15 + (-52)/6. Let q = 0 - t. List the prime factors of q.
3
What are the prime factors of (-6)/(-9) - (-136)/12?
2, 3
Suppose -5*o - 5*v + 35 = 0, -5 = o + 4*o - 3*v. What are the prime factors of (o - 1)/(2/22)?
11
Let i = 52 - 26. Suppose l - i = -l. List the prime factors of l.
13
Suppose o = -4*o + 30. Let y(m) = -m**2 + 5*m + 6. Let v be y(o). Suppose v = -5*g + 9 + 1. What are the prime factors of g?
2
Let h = 12 - -3. What are the prime factors of h?
3, 5
Suppose 2*u - 4 + 2 = 0. Suppose 3*m - 4 = 5. Let b = m - u. What are the prime factors of b?
2
Let s(a) be the first derivative of -5*a - 2 + 1/3*a**3 - 2*a**2. What are the prime factors of s(6)?
7
Suppose 0 = n - 25 - 155. List the prime factors of n.
2, 3, 5
Suppose 0 = f + 5*w - 7*w - 210, w = 5*f - 1050. List the prime factors of f.
2, 3, 5, 7
Let s(j) = -j**3 + 3*j**2 - 4*j + 3. Let t be s(2). Let h be t*(-6)/3 - 4. List the prime factors of -1*(-4 - h)*6.
2, 3
Let c = -81 - -178. What are the prime factors of c?
97
Let j(c) = -33*c**3 + 3*c**2 + 4*c + 1. What are the prime factors of j(-2)?
269
Suppose 5*u - 3*u - 8 = 0. Suppose -40 = -9*n + u*n. List the prime factors of n.
2
Suppose -5 = 3*x - 20. Suppose 19 + x = 2*o. What are the prime factors of o?
2, 3
Let k(i) = -i**3 + 7*i**2 + i - 5. Let a be k(7). Suppose 5*b - 25 = 0, -l + 5*b + 7 = -4. Suppose -l = -a*q - 14. What are the prime factors of q?
11
What are the prime factors of (-4092)/(-72) + 2/12?
3, 19
Let m(j) be the third derivative of -j**4/8 - j**3 + 4*j**2. Let h be m(-6). List the prime factors of 